= -6 - -9. What is the remainder when t is divided by q(-2)?
0
Suppose 2*r + 25 = -35. Calculate the remainder when 9 is divided by (3/9)/((-2)/r).
4
Let n = -2 - -9. Let u = 8 - n. Calculate the remainder when 2 is divided by u.
0
Let f = 199 + -192. Calculate the remainder when ((-3)/9)/((-1)/57) is divided by f.
5
Suppose -4*g + 14 = -2. Suppose 0*a = g*a - 24. What is the remainder when 17 is divided by a?
5
Suppose 5*h - 3*f + 2*f = 2, -2*f = 4*h + 4. Suppose h = -k - 4*r + 1, -5 = -2*k - 2*r + 9. What is the remainder when k is divided by (-5)/2*(9 + -11)?
4
Suppose -4*z + 0*z - 280 = 0. Calculate the remainder when (-20)/z - 166/(-7) is divided by 13.
11
Suppose -3*k - r - 6 = -21, -5*r + 9 = 4*k. Calculate the remainder when 39 is divided by k.
3
What is the remainder when 8/20 + 36/10 is divided by 1?
0
Let k = 8 + -3. What is the remainder when 21 is divided by 7 - (k - 1) - -3?
3
Let l = -36 + 72. What is the remainder when l is divided by 3?
0
Let f(l) = -3*l - 3. Let w(r) be the first derivative of r**2/2 + 33*r + 6. Calculate the remainder when w(14) is divided by f(-5).
11
Suppose t - 4 = 9. Let o = 17 - t. Calculate the remainder when 5 is divided by o.
1
Let m = 1 + 5. Let p be (-2 + (-15)/(-3))*-1. Let q(t) = 3*t**2 + 4*t + 2. Calculate the remainder when q(p) is divided by m.
5
Let i(j) = -j**3 + 11*j**2 + 3*j - 11. Calculate the remainder when i(9) is divided by 30.
28
Suppose 18 = -3*x - 3*v, -3*x = -2*v - v. Let t(b) = b**2 + 2*b - 1. Let f be t(x). Calculate the remainder when 32 is divided by 1/((-46)/(-22) - f).
10
Let a = 87 + -60. Suppose -7*v = -8*v + 5*p + 27, 0 = 5*v + 4*p - 19. What is the remainder when a is divided by v?
6
Let q(k) = -k - 1. Calculate the remainder when (1 - 16)*-1 - -1 is divided by q(-10).
7
Suppose 2*t + 2 - 4 = 2*v, -37 = -5*t - 3*v. Let y = t - -12. Suppose 0*i - 3*i = 4*a - 108, -5*i = 5*a - 175. Calculate the remainder when i is divided by y.
15
Let n(x) = 30*x**2 - 9*x + 11. Let h(k) = -15*k**2 + 5*k - 6. Let c(m) = 11*h(m) + 6*n(m). What is the remainder when c(1) is divided by 6?
4
Let c = -15 + 19. Calculate the remainder when 6 is divided by c.
2
Suppose 14 = x - 4*d, -4*d = -2*x + 29 - 9. Let s = 29 - 13. Calculate the remainder when s is divided by x.
4
Let f = 9 + 11. What is the remainder when 38 is divided by f?
18
Let i(c) = 7*c - 17. Calculate the remainder when 96 is divided by i(6).
21
Suppose -q + 4 = 4*r - 14, -r - 9 = -2*q. Let i = q + -10. Let b = i - -16. What is the remainder when b is divided by 7?
5
Let a be ((-6)/(-4))/(3/(-6)). Let b = -3 - a. Let l = 17 - b. Calculate the remainder when 32 is divided by l.
15
Let j = 27 - 6. What is the remainder when 39 is divided by j?
18
Let b(n) = -n**3 + n**2 - 2*n + 71. What is the remainder when b(0) is divided by 18?
17
Let d(g) = 2*g**2 + 9*g + 6. Let o be d(-6). Suppose 0 = -s + 5*s - o. What is the remainder when 23 is divided by s/(-4) - (-19)/2?
7
Suppose 0*b = -2*b + 10. Suppose -3*f + b*p + 340 = 2*f, 83 = f - 4*p. Calculate the remainder when f is divided by 22.
19
Suppose -3*y + 32 = -y. What is the remainder when 29 is divided by y?
13
Let m = 21 - 7. Let t = m + -10. Let l = -5 - -12. What is the remainder when l is divided by t?
3
Let w(g) = -g**3 + 5*g**2 + 8*g + 4. Suppose 4*s = -3*q + 287, 195 - 3 = 2*q + 3*s. Suppose 0 = -a + 4*a - q. Calculate the remainder when a is divided by w(6).
15
Suppose 72 = 3*r - 0. What is the remainder when (r/14)/((-2)/(-21)) is divided by 10?
8
What is the remainder when (-3)/(-2) - 69*4/(-8) is divided by 14?
8
Let t = 5 - 3. Suppose 0 = t*z - 2*k - 24, z + 2*z = -2*k + 46. What is the remainder when 40 is divided by z?
12
Let v = 17 + 16. Suppose -t - 5*m + v = t, -5*m = -25. Suppose -y + 65 = t*y. Calculate the remainder when y is divided by 7.
6
Let i(j) = -15*j + 2. Let m be i(-2). Suppose 5*o - 88 = m. Let b = 40 - 27. What is the remainder when o is divided by b?
11
Let z(o) = 4*o**3 - 2*o + 4. Let d be 32/(-24)*(-3)/2. Suppose 2*q - f = 33, 2*q = q - 3*f + 20. What is the remainder when z(d) is divided by q?
15
Calculate the remainder when 25 is divided by (-9)/(-6)*10/1.
10
Let n(c) = 13*c - 8. Calculate the remainder when 150 is divided by n(3).
26
Suppose 0*p - 52 = -3*p - 2*s, 4*s = 20. Suppose -4*i - i = -20. Suppose 4*t = 5*l + 7, -2*t + i*l - 4 = -0*l. Calculate the remainder when p is divided by t.
6
Let n be 430/(-8) + 7/(-28). Let k = -1 - n. What is the remainder when k is divided by 14?
11
Let a = -4 + 3. Suppose 0 = c - 3 + 1. Calculate the remainder when c is divided by (a/(-2))/((-2)/(-4)).
0
Let t = 316 + -180. What is the remainder when t is divided by 23?
21
Let h(l) = 2*l**2 + 13*l + 24. Calculate the remainder when h(-11) is divided by 31.
30
Let b(u) = -u**3 + 5*u + 4. Let s be b(-3). Suppose 4 = 2*k - s. Calculate the remainder when 39 is divided by k.
9
Suppose -104 = -4*d - 2*x, -d - 5*x = d - 44. Calculate the remainder when 53 is divided by d.
26
Suppose 0 = -2*i + 28 + 26. Let a(t) = 19*t**2 - 3*t - 3. Calculate the remainder when a(-2) is divided by i.
25
Suppose -2*j = -4*y + 142, -4*y - 4*j = -y - 101. What is the remainder when y is divided by 12?
11
Let u = 9 - 7. What is the remainder when 3 is divided by (4 - 3)/(u/6)?
0
Let r = -22 - 20. What is the remainder when (3/9)/((-2)/r) is divided by 3?
1
Suppose 0 = -4*d - a + 281, 0 = -5*d - 6*a + 3*a + 353. What is the remainder when d is divided by 24?
22
Let x = -21 - -37. Let v(a) = -a**3 - 7*a**2 - 8*a - 9. Suppose -1 = 4*d + 27. What is the remainder when v(d) is divided by x?
15
Suppose 4*t + 34 = 5*t. What is the remainder when 134 is divided by t?
32
Let m(t) = t**2 - 2*t + 8. Let b be m(0). What is the remainder when b/2 + (-244)/(-4) is divided by 17?
14
Let g = 28 + 65. Suppose 2*i + i = g. What is the remainder when i is divided by 17?
14
Let z = 11 + 7. Let l = z + -5. What is the remainder when 37 is divided by l?
11
Suppose -3*b + 8 = -4. Let o(x) = 20*x. Let a be o(1). What is the remainder when 5/a + (-86)/(-8) is divided by b?
3
Suppose p - 11 = 20. What is the remainder when p is divided by 11?
9
Let z = -3 + 3. Suppose z = -2*b - 0 + 6. What is the remainder when 8 is divided by b?
2
Let m(s) = 5*s - 2. Calculate the remainder when m(8) is divided by 20.
18
Suppose 6*k - 9*k + 66 = 0. Calculate the remainder when 64 is divided by k.
20
Let i(h) = 5*h - 5. Let a be i(2). Suppose -53 = -a*r - 8. Calculate the remainder when 17 is divided by r.
8
Let c(f) = -f**3 - 4*f**2 + 4*f. Suppose -2*l + 4*l - 4 = 0. Calculate the remainder when c(-5) is divided by l.
1
Calculate the remainder when (371/(-21))/((-2)/18) is divided by 32.
31
Suppose 7 = 3*n + 1. What is the remainder when 2 is divided by n?
0
Let c be (-1)/(2*(-1)/46). Let j = 39 - c. What is the remainder when 47 is divided by j?
15
Let x = 299 + -201. Calculate the remainder when x is divided by 9.
8
Let x = 17 + 22. What is the remainder when x is divided by 15?
9
Let i = 8 - 5. Suppose l + i*l - 24 = 0. What is the remainder when 14 is divided by l?
2
Let j = -2 - -6. Let c be -1*2/(-2) + 8. Let z = c - j. What is the remainder when 8 is divided by z?
3
Let c = -5 - -49. What is the remainder when (c/8)/(2/12) is divided by 9?
6
Let s be 4/18 + 112/(-18). Suppose 0 = 4*j + 3*v - 8 + 2, 3*v = -6. What is the remainder when (s/5)/((-6)/20) is divided by j?
1
Let t(g) = g - 1. Let u be t(5). Let o be -1 - -2*(-2)/u. What is the remainder when (-6)/(-2) + (-1 - o) is divided by 2?
0
Let y(f) = -f + 4. Let r be y(2). Calculate the remainder when (1 - r)/((-1)/11) is divided by 6.
5
Let u = -6 + 11. Let i(p) = 3*p**3 - 3*p**2 + 2*p - 3. Suppose 4*y = 2*r, -3*r - 4*y = -9 - 1. Calculate the remainder when i(r) is divided by u.
3
Let h be (-5)/2*(-12)/5. Calculate the remainder when (-9)/h*244/(-3) is divided by 31.
29
Calculate the remainder when (-16)/(-12) + 340/6 is divided by 15.
13
Let c(n) = -7*n**2 + 3*n. Let t be c(2). Let w = -7 - t. Calculate the remainder when 57 is divided by w.
12
Let v(a) = a**3 - 3*a**2 + a - 4. Let k(m) = m**3 - 3*m**2 + 2. Let z be k(3). Suppose -1 = -z*n + 11. Calculate the remainder when v(4) is divided by n.
4
Let j(d) = d**2 - d + 1. Let p be j(2). Suppose -4*w + 67 = 5*q, 2*q 